ime factors of (9/f)/(2/1290)?
5, 43
Let h(z) = -11*z - 2. Let q be h(-2). Suppose -7*c + 2*c = -q. Let i = c + -1. What are the prime factors of i?
3
Suppose 0 = -4*n + n + 9. Suppose -1 = -a - z - 4, n*a + 5*z + 19 = 0. Suppose -m + 56 = h - 5, -186 = -3*m - a*h. List the prime factors of m.
2
Suppose 0*p = 3*p - 9. Suppose -3*d + 45 = 3*z - 0*z, p*z = 9. Let g = 8 + d. What are the prime factors of g?
2, 5
Let x(s) = -s**3 + 17*s**2 - 21*s - 17. List the prime factors of x(15).
2, 59
Let v be (6/(-8))/((-3)/12). Suppose -3*m = 11 + 4, 0 = -3*z + v*m + 201. List the prime factors of z.
2, 31
Suppose -2*i + 2*y = 5*y - 1, 8 = 3*i - 2*y. Suppose 0*h + i*h = 34. Let g = 78 - h. List the prime factors of g.
61
Suppose 53 = 5*a - 1222. List the prime factors of (-2)/(-4 - (-1014)/a).
5, 17
Let n = -25 - -5. Let v = 72 + -35. Let r = v + n. What are the prime factors of r?
17
Let h be -5*((7 - 5) + (-12)/5). Suppose -3*r = 2*m - 512, h*r = 3*m + 7*r - 766. What are the prime factors of m?
2, 131
Let l = 1248 - 454. List the prime factors of l.
2, 397
Let k(r) = -r**3 - 6*r**2 - r - 8. Let p be k(-6). Let j be 5/p*72/(-30). Suppose -j*c + 216 = -0*c. What are the prime factors of c?
2, 3
Let b be 2 + (3 - (149 + 4)). Let o = -89 - b. What are the prime factors of o?
59
Let l be 2 - 100/(-2 + 4). Let f = -46 - l. List the prime factors of f.
2
Suppose 0 = -2*y - 2*y. Let z be -3 + y - 0 - 3. List the prime factors of (-324)/z - (-3)/1.
3, 19
Suppose -5 = 2*x + 3*c, -c + 1 - 2 = 0. List the prime factors of 1*(x + 2 + 221).
2, 3, 37
Let s(n) = -22*n + 3. Let p(i) = -i - 10. Let o be p(-8). Let x be s(o). Let r = x - 33. What are the prime factors of r?
2, 7
Let v(j) = j**2 - 22*j - 26. Let b be v(18). Let n = b - -192. What are the prime factors of n?
2, 47
Suppose 2*p + 79 = 3*p + 2*q, 3*p - 229 = 2*q. Let b = p + -41. What are the prime factors of (-6)/b - 146/(-12)?
2, 3
Let d = 56 + -244. What are the prime factors of (-1)/(d/(-38) + -5)?
19
Let i(x) = -x - 4. Let k be i(-11). Suppose 5*j = k*j + 72. What are the prime factors of (j/(-14))/(4/28)?
2, 3
Let x = 1163 - 607. What are the prime factors of x?
2, 139
Suppose 0 = 5*f + 5*r - r + 625, 3*f + 373 = -2*r. Let j = f + 180. List the prime factors of j.
59
Let n(l) = 102*l - 3. What are the prime factors of n(1)?
3, 11
Suppose 61560 = 28*m + 10*m. List the prime factors of m.
2, 3, 5
Let i = 5 - 1. Suppose -3*k + y - 259 = -6*k, 3*y + 354 = i*k. Suppose 307 = 5*g + k. List the prime factors of g.
2, 11
Suppose 5*o - 2*v - 59 = 0, -21 = -3*o - 3*v + 6. What are the prime factors of o?
11
List the prime factors of (-6)/10 - 1317708/(-405).
3253
Suppose -8*y + 3503 = -921. List the prime factors of y.
7, 79
Let y be (48/(-2))/((-1)/2). Let a = y + 37. Suppose a + 161 = 6*b. List the prime factors of b.
41
Let x be (-4)/(2 - -2) - -4. Suppose x*v = 5*v, 0 = -2*j + 3*v - 12. List the prime factors of 45/j*8/(-6).
2, 5
What are the prime factors of (-8)/(-5)*(11 + (-15862)/(-28))?
2, 3, 7, 11
Let v = -143 + 72. Let p = 2 - v. List the prime factors of p.
73
List the prime factors of 3870*(7 + (-52)/8) - -3.
2, 3, 17, 19
Let u be ((-144)/(-32))/(6/8). Suppose -21 = -5*w - u. Suppose 5*r = 5*p - 50, 3*p - w*r = -2*p + 60. List the prime factors of p.
3, 5
Suppose -w - 3 = -2*w. Suppose 3*r - 145 = 4*k - 23, -w*r - 2*k + 128 = 0. What are the prime factors of r?
2, 3, 7
Suppose l + 3 = -0*l - 3*d, -4*d - 24 = 3*l. Let h = 17 + l. Let z = h - -2. What are the prime factors of z?
7
Let c(s) = -s**3 - 6*s**2 + 3*s + 19. Let g be c(-6). List the prime factors of (g/4*10)/((-5)/(-70)).
5, 7
Let v = 1728 + -999. List the prime factors of v.
3
Suppose 2*q = 4*q - 12. Suppose -s - q = s + 2*r, 3*s = -r - 7. List the prime factors of 434/21 + s/(-6).
3, 7
Let b = 114 + -183. Let q = 136 + b. List the prime factors of q.
67
Suppose -9*c + 14*c - 5 = 0. What are the prime factors of (-6)/(-9) + (552/9 - c)?
61
Let x(h) = 57*h**2 - h. Let r = 44 - 62. Let m = r + 19. List the prime factors of x(m).
2, 7
Suppose 0 = 4*x + 621 + 119. Let n = x - -263. List the prime factors of n.
2, 3, 13
Let j = -1616 - -2886. What are the prime factors of j?
2, 5, 127
Let p be (-1)/6 - (-3)/18. Suppose p = d - 2*d. Suppose -5*k = -d*k - 200. List the prime factors of k.
2, 5
What are the prime factors of 18/2 - (-12404)/7?
13, 137
What are the prime factors of 793/2 - (-7)/(-14)?
2, 3, 11
Suppose 0 = 4*n - 2*n - 10. Let i = n - 5. Suppose 3*m = 3*c - 2*c - 16, -3*m = i. List the prime factors of c.
2
Suppose -13786 = 24*v - 67954. List the prime factors of v.
37, 61
Let m(s) = -9*s - 5. Let c be m(-6). Let g = c - -16. What are the prime factors of g?
5, 13
Let r be 106 + (3 - (4 + 2)). Let b = r + -3. List the prime factors of b.
2, 5
Let v(a) = -11*a**3 - a**2 - 3*a - 2. Let t be v(-2). Let w = 186 - t. Suppose 0 = -2*o + 8, 4*s - w = -s + 3*o. What are the prime factors of s?
2, 11
Suppose -3*s + 5*s = r + 6, 2*r = s. Suppose 560 = s*t + 4*k, -4*t + 554 = 2*k - k. List the prime factors of t.
2, 3, 23
Let o(s) = 2*s**2 + 7*s - 24. List the prime factors of o(-9).
3, 5
Suppose -9*n + 4 + 68 = 0. Let b = n - -13. List the prime factors of b.
3, 7
Suppose -3*g + 40 = -5*t, 5*g + 5 = -4*t + 10. Suppose -10*y = -g*y - 145. Let c = 42 - y. What are the prime factors of c?
13
Let v(w) = 12*w - 24. Let x be v(-20). Let b = -170 - x. List the prime factors of b.
2, 47
Let p(v) = -v**3 + 11*v**2 + 3*v - 10. Let y(j) = 2*j**2 + j + 4. Let k be y(-2). List the prime factors of p(k).
2, 3, 5
Let t = 362 + -358. Let b(o) = o**3 + 5*o**2 - 2*o - 5. Let y be b(-5). Suppose -y*d + t = -3*d. What are the prime factors of d?
2
Suppose 4*k - 36 = -3*r - 5, -30 = -2*r - 5*k. Suppose o = r*o. Suppose -j = 3*m - o*j - 67, 0 = -2*m + 5*j + 56. List the prime factors of m.
23
Suppose n = -5*a + 74, -3*a + n - 10 = -48. Let i = -10 + a. Suppose -42 = -f + i*z, -f = 4*z + 1 - 3. What are the prime factors of f?
2, 11
Let u be (-4)/22 + (-630)/165. What are the prime factors of (u/(-2))/((-14)/(-476))?
2, 17
List the prime factors of ((-24)/(-30))/(5 + (-6219)/1245).
2, 83
Suppose -6*b + 7 = -7*b. Let y = b + 44. What are the prime factors of y?
37
Suppose 0 = -15*g + 21*g - 7764. What are the prime factors of g?
2, 647
Let l = -70 + 70. Suppose 2*t + g = -2*g + 91, 4*t + 5*g - 183 = l. What are the prime factors of t?
47
Let s(i) = -i**3 + 7*i**2 + 16*i - 2. Let o be s(7). Suppose o = 3*y - 139. List the prime factors of y.
83
Suppose 8*c - 2415 = 3905. What are the prime factors of c?
2, 5, 79
Suppose -2*c + 2 + 24 = 0. Suppose -c - 11 = -3*r. What are the prime factors of r?
2
Let y(h) = 8*h**3 + 3*h**2 - 60*h - 6. List the prime factors of y(7).
5, 17, 29
Suppose -4*k = -5*k + 10. Suppose 0 = 2*p + o - 51 - k, p - 2*o - 18 = 0. List the prime factors of p.
2, 7
Suppose -10732 = -4*v - 5*j, -v + 5*j + 3189 - 481 = 0. List the prime factors of v.
2, 3, 7
Let d(s) = -8*s - 1. Let q be d(-1). Suppose 2*v - 5*y = q, 5*v = -0*v + y + 52. What are the prime factors of v?
11
Suppose 0 = -4*i + 9*i + 4*m - 3156, -2*m = 4*i - 2520. List the prime factors of i.
2, 157
Suppose -8*s + 1 = -7*s, -r + 118 = 4*s. What are the prime factors of r?
2, 3, 19
List the prime factors of (-9975)/30*72/(-14).
2, 3, 5, 19
Suppose -3*b + 4*d + 11 = 0, 3*b - 14 = 2*d - 1. Suppose 162 = b*y - 338. List the prime factors of y.
2, 5
Let h(d) = 23*d**3 + 1. Let c be h(-1). Let p = 26 + c. List the prime factors of 2/4 + 306/p.
7, 11
Let x = -3 - 1. Let k be 1/x*2*0. Let h(l) = l**3 + l**2 - l + 29. What are the prime factors of h(k)?
29
Suppose 3*x - 3563 = -j, 2*j + 1743 = x + 8869. What are the prime factors of j?
7, 509
Let f = -322 + 495. What are the prime factors of f?
173
Suppose 4*x - 21 = 2*i + 51, 2*x + 4*i - 26 = 0. Let l(r) = 4*r - 20. Let j(o) = -1. Let c(b) = j(b) + l(b). What are the prime factors of c(x)?
47
List the prime factors of 2/(8/(-36))*-104.
2, 3, 13
Let n be ((-20)/8 + -2)*-6. Let a = -3 + n. Suppose -a*s + 28*s = 52. What are the prime factors of s?
13
Let j be (-12)/(-10)*200/30. Let c(y) = y**3 - 8*y**2 - 4. Let n be c(j). List the prime factors of n/4 + 3 + 42.
2, 11
Suppose p + 5*y - 2*y + 31 = 0, -2*y = 10. Let i = p - -18. Suppose 2*g - s - 49 